{"id":9446,"date":"2024-11-14T01:40:07","date_gmt":"2024-11-13T18:40:07","guid":{"rendered":"https:\/\/internationalprideawards.org\/?page_id=9446"},"modified":"2024-11-13T20:52:40","modified_gmt":"2024-11-13T13:52:40","slug":"movement-building-in-the-face-of-hostility","status":"publish","type":"page","link":"https:\/\/internationalprideawards.org\/es\/movement-building-in-the-face-of-hostility\/","title":{"rendered":"Construcci\u00f3n del movimiento frente a la hostilidad"},"content":{"rendered":"<h2>\n\t\t\t\tLas personas galardonadas de 2024\n\t\t\t<\/h2>\n\t<h1>\n\t\t\t\tConstrucci\u00f3n del movimiento frente a la hostilidad\n\t\t\t<\/h1>\n\t\t\t\t<img loading=\"lazy\" decoding=\"async\" src=\"https:\/\/internationalprideawards.org\/wp-content\/uploads\/2024\/11\/ruslan.jpg\" alt=\"ruslan\" itemprop=\"image\" height=\"760\" width=\"520\" title=\"ruslan\" onerror=\"this.style.display='none'\"  \/>\n<h2>\n\t\tRUSLAN SAVOLAINEN\n\t<\/h2>\n\t<p>Ruslan lleva casi 20 a\u00f1os implicado en el activismo LGBTIQ+ en Rusia. Despu\u00e9s de que el movimiento LGBTIQ+ fuera criminalizado y calificado como extremista, huy\u00f3 de su pa\u00eds para poder continuar con su trabajo.<\/p>\n\t\t\t<a href=\"https:\/\/youtu.be\/F0bSESV7vdc\" target=\"_blank\" role=\"button\" rel=\"noopener\">\n\t\t\t\t\t\tHaga clic para ver el v\u00eddeo en espa\u00f1ol.\n\t\t\t\t\t<\/a>\n\t<iframe loading=\"lazy\" width=\"560\" height=\"315\" src=\"https:\/\/www.youtube.com\/embed\/7Gh70y1op04?si=Jf1rfB1FoL-aqAKa\" title=\"YouTube video player\" frameborder=\"0\" allow=\"accelerometer; autoplay; clipboard-write; encrypted-media; gyroscope; picture-in-picture; web-share\" referrerpolicy=\"strict-origin-when-cross-origin\" allowfullscreen><\/iframe>\n\t<h3>\n\t\t\t\tLas personas galardonadas de 2024\n\t\t\t<\/h3>\n\t<p>Sorry, we couldn&#8217;t find any posts. Please try a different search.<\/p>","protected":false},"excerpt":{"rendered":"<p>2024 AWARDEES Movement building in the face of hostility RUSLAN SAVOLAINEN Ruslan has been involved in LGBTIQ+ activism in Russia for almost 20 years. After the LGBTIQ+ movement was designated as extremist and criminalized, he fled his country to be able to continue his work. Click to view the video in Spanish 2024 AWARDEES Sorry,&hellip;<\/p>","protected":false},"author":1,"featured_media":9560,"parent":0,"menu_order":1,"comment_status":"closed","ping_status":"closed","template":"","meta":{"slim_seo":{"title":"Movement building in the face of hostility - International Pride Awards","description":"2024 AWARDEES Movement building in the face of hostility RUSLAN SAVOLAINEN Ruslan has been involved in LGBTIQ+ activism in Russia for almost 20 years. After the"},"footnotes":""},"class_list":["post-9446","page","type-page","status-publish","has-post-thumbnail","hentry"],"_links":{"self":[{"href":"https:\/\/internationalprideawards.org\/es\/wp-json\/wp\/v2\/pages\/9446","targetHints":{"allow":["GET"]}}],"collection":[{"href":"https:\/\/internationalprideawards.org\/es\/wp-json\/wp\/v2\/pages"}],"about":[{"href":"https:\/\/internationalprideawards.org\/es\/wp-json\/wp\/v2\/types\/page"}],"author":[{"embeddable":true,"href":"https:\/\/internationalprideawards.org\/es\/wp-json\/wp\/v2\/users\/1"}],"replies":[{"embeddable":true,"href":"https:\/\/internationalprideawards.org\/es\/wp-json\/wp\/v2\/comments?post=9446"}],"version-history":[{"count":20,"href":"https:\/\/internationalprideawards.org\/es\/wp-json\/wp\/v2\/pages\/9446\/revisions"}],"predecessor-version":[{"id":9583,"href":"https:\/\/internationalprideawards.org\/es\/wp-json\/wp\/v2\/pages\/9446\/revisions\/9583"}],"wp:featuredmedia":[{"embeddable":true,"href":"https:\/\/internationalprideawards.org\/es\/wp-json\/wp\/v2\/media\/9560"}],"wp:attachment":[{"href":"https:\/\/internationalprideawards.org\/es\/wp-json\/wp\/v2\/media?parent=9446"}],"curies":[{"name":"wp","href":"https:\/\/api.w.org\/{rel}","templated":true}]}}

Construcción del movimiento frente a la hostilidad

<h2>
				Las personas galardonadas de 2024
			</h2>
	<h1>
				Construcción del movimiento frente a la hostilidad
			</h1>
				<img loading="lazy" decoding="async" src="https://internationalprideawards.org/wp-content/uploads/2024/11/ruslan.jpg" alt="ruslan" itemprop="image" height="760" width="520" title="ruslan" onerror="this.style.display='none'"  />
<h2>
		RUSLAN SAVOLAINEN
	</h2>
	<p>Ruslan lleva casi 20 años implicado en el activismo LGBTIQ+ en Rusia. Después de que el movimiento LGBTIQ+ fuera criminalizado y calificado como extremista, huyó de su país para poder continuar con su trabajo.</p>
			<a href="https://youtu.be/F0bSESV7vdc" target="_blank" role="button" rel="noopener">
						Haga clic para ver el vídeo en español.
					</a>
	<iframe loading="lazy" width="560" height="315" src="https://www.youtube.com/embed/7Gh70y1op04?si=Jf1rfB1FoL-aqAKa" title="YouTube video player" frameborder="0" allow="accelerometer; autoplay; clipboard-write; encrypted-media; gyroscope; picture-in-picture; web-share" referrerpolicy="strict-origin-when-cross-origin" allowfullscreen></iframe>
	<h3>
				Las personas galardonadas de 2024
			</h3>
	<p>Sorry, we couldn&#8217;t find any posts. Please try a different search.</p>
