{"id":9537,"date":"2024-10-31T10:22:26","date_gmt":"2024-10-31T03:22:26","guid":{"rendered":"https:\/\/internationalprideawards.org\/?page_id=9537"},"modified":"2025-05-02T16:37:32","modified_gmt":"2025-05-02T09:37:32","slug":"home-phase-3-2","status":"publish","type":"page","link":"https:\/\/internationalprideawards.org\/es\/home-phase-3-2\/","title":{"rendered":"Home &#8211; Phase 3\/2"},"content":{"rendered":"<h1>\r\n\t\tCeremonia de los Premios Internacionales del Orgullo de 2024\r\n\t<\/h1>\r\n<h1>\r\n\t\tConoce a las personas galardonadas\r\n\t<\/h1>\r\n\t<p>Reconocemos a las personas heroicas por la igualdad LGBTIQ+<\/p>\r\n\t\t\t\t<a href=\"https:\/\/internationalprideawards.org\/es\/2024-awardees\/\" target=\"_self\" itemprop=\"url\">\r\n\t\t\t\t<img loading=\"lazy\" decoding=\"async\" src=\"https:\/\/internationalprideawards.org\/wp-content\/uploads\/2024\/11\/awardees-final.png\" alt=\"awardees-final\" itemprop=\"image\" height=\"560\" width=\"1950\" title=\"awardees-final\" onerror=\"this.style.display='none'\"  \/>\r\n\t\t\t\t<\/a>\r\n\t\t\t<a href=\"https:\/\/internationalprideawards.org\/es\/2024-awardees\/\" target=\"_self\" role=\"button\">\r\n\t\t\t\t\t\t\tConoce a las personas galardonadas\r\n\t\t\t\t\t<\/a>\r\n\t\t\t<a href=\"https:\/\/internationalprideawards.org\/es\/2024-international-pride-awards-ceremony-live-stream\/\" target=\"_self\" role=\"button\">\r\n\t\t\t\t\t\t\tMira la Ceremonia\r\n\t\t\t\t\t<\/a>\r\n\t<p>Todos los pa\u00edses est\u00e1n <a href=\"https:\/\/www.ohchr.org\/es\/sexual-orientation-and-gender-identity\/about-lgbti-people-and-human-rights\">obligados a promover y proteger los derechos humanos de todas las personas<\/a> sin discriminaci\u00f3n.<\/p>\r\n<p>Yet hundreds of millions of lesbian, gay, bisexual, transgender, intersex and queer (LGBTIQ+) people still face discrimination, rejection, poverty, violence, prison, torture and even death &#8211; just for being who they are.<\/p>\r\n<h2>\r\n\t\tLos premios internacionales del orgullo pretenden arrojar luz sobre el trabajo de las personas heroicas, valientes y visionarias para la igualdad, contar sus historias e inspirar a m\u00e1s personas para que defiendan la igualdad.\r\n\t<\/h2>\r\n\t<p><a href=\"https:\/\/youtu.be\/jaIt-sIN8wU\" target=\"_blank\" rel=\"noopener\">Haga clic para ver el v\u00eddeo en espa\u00f1ol.<\/a><\/p>\r\n\t\t\t\t\t<img decoding=\"async\" src=\"https:\/\/internationalprideawards.org\/wp-content\/uploads\/2024\/05\/video-cover.jpg\" alt=\"\"\/>\r\n\t<p>En una ceremonia que se celebrar\u00e1 en la Ciudad del Cabo (Sud\u00e1frica) el 13 de noviembre de 2024, reconoceremos la incre\u00edble labor de cinco personas heroicas y su trabajo por la igualdad LGBTIQ+ de todo el mundo que est\u00e1n marcando la diferencia.<\/p>\r\n<p>No matter our differences, we all want to live in a world where we feel safe and thrive. But for many LGBTIQ+ people, that&#8217;s still very far away &#8211; because of the discrimination, stigma and violence they face every day.<\/p>\r\n\t<h1>\u00a1participe!<\/h1>\r\n\t<p>Nominations for this year are now closed and being processed so that we can announce this years&#8217; awardees on 13 November. In the meantime, get involved by following our social media channels for updates, and join the conversation about LGBTIQ+ equality &#8211; where we are and what still needs to be done. You can also subscribe for news using the form below.<\/p>\r\n\t<p><a href=\"https:\/\/internationalprideawards.org\/es\/about\/\">Descubre m\u00e1s sobre los Premios Internacionales del Orgullo.<\/a><\/p>\r\n<h3>\r\n\t\tEQUALITY IS EVERYONE&#8217;S RESPONSIBILITY.\r\n\t<\/h3>\r\n\t<p>Comienza con las acciones cotidianas, siendo inclusives, escuchando, compartiendo, defendiendo. P\u00f3ngase en contacto con su <a href=\"https:\/\/ilga.org\/civi_details\/\" target=\"_blank\" rel=\"noopener\">organizaci\u00f3n local miembro de la ILGA<\/a> y descubra c\u00f3mo puede ayudar.<\/p>\r\n\t\t\t\t<img decoding=\"async\" src=\"https:\/\/internationalprideawards.org\/wp-content\/uploads\/2024\/05\/ARG-Ariel-Gutraich-Presentes-3.jpg\" alt=\"ARG Ariel Gutraich Presentes 3\" title=\"ARG Ariel Gutraich Presentes 3\" itemprop=\"image\"  \/>\r\n\t\t\t\t<img decoding=\"async\" src=\"https:\/\/internationalprideawards.org\/wp-content\/uploads\/2024\/05\/l-2.jpg\" alt=\"Photo 1\" title=\"Cheerful gay couple posing at outdoor.\" itemprop=\"image\"  \/>\r\n\t\t\t\t\t\t\t<h3>Suscr\u00edbase para estar al d\u00eda<\/h3>\r\n\t\t\t\t<!-- Inline Block Space Fix \r\n\t\t\t\t-->\r\n\t\t\t\t<!-- Inline Block Space Fix\r\n\t\t\t\t-->\r\n\t\t\t\t\t<input type=\"email\" name=\"uabb-subscribe-form-email\" aria-label=\"email\" placeholder=\"Your Email\" \/>\r\n\t\t\t\t\t\t\t\t\t\t!\r\n\t\t\t\t<!-- Inline Block Space Fix\t\r\n\t\t\t\t-->\t\t\t\t\t\t\t\t\t<!-- Inline Block Space Fix\t\r\n\t\t\t\t-->\r\n\t\t\t<a href=\"#\" target=\"_self\"   role=\"button\" aria-label=\"Subscribir\">\r\n\t\t\t\t\t\t\tSubscribir\r\n\t\t<\/a>\r\n\t\t\t\t\t\tSomething went wrong. Please check your entries and try again.","protected":false},"excerpt":{"rendered":"<p>2024 INTERNATIONAL PRIDE AWARDS CEREMONY MEET THE AWARDEES Recognizing LGBTIQ+ equality heroes See all awardees Watch the Ceremony All countries are obligated to promote and protect the human rights of all persons without discrimination. Yet hundreds of millions of lesbian, gay, bisexual, transgender, intersex and queer (LGBTIQ+) people still face discrimination, rejection, poverty, violence, prison,&hellip;<\/p>","protected":false},"author":1,"featured_media":0,"parent":0,"menu_order":0,"comment_status":"closed","ping_status":"closed","template":"","meta":{"slim_seo":{"title":"Home - Phase 3\/2 - International Pride Awards","description":"2024 INTERNATIONAL PRIDE AWARDS CEREMONY MEET THE AWARDEES Recognizing LGBTIQ+ equality heroes See all awardees Watch the Ceremony All countries are obligated t"},"footnotes":""},"class_list":["post-9537","page","type-page","status-publish","hentry"],"_links":{"self":[{"href":"https:\/\/internationalprideawards.org\/es\/wp-json\/wp\/v2\/pages\/9537","targetHints":{"allow":["GET"]}}],"collection":[{"href":"https:\/\/internationalprideawards.org\/es\/wp-json\/wp\/v2\/pages"}],"about":[{"href":"https:\/\/internationalprideawards.org\/es\/wp-json\/wp\/v2\/types\/page"}],"author":[{"embeddable":true,"href":"https:\/\/internationalprideawards.org\/es\/wp-json\/wp\/v2\/users\/1"}],"replies":[{"embeddable":true,"href":"https:\/\/internationalprideawards.org\/es\/wp-json\/wp\/v2\/comments?post=9537"}],"version-history":[{"count":10,"href":"https:\/\/internationalprideawards.org\/es\/wp-json\/wp\/v2\/pages\/9537\/revisions"}],"predecessor-version":[{"id":9594,"href":"https:\/\/internationalprideawards.org\/es\/wp-json\/wp\/v2\/pages\/9537\/revisions\/9594"}],"wp:attachment":[{"href":"https:\/\/internationalprideawards.org\/es\/wp-json\/wp\/v2\/media?parent=9537"}],"curies":[{"name":"wp","href":"https:\/\/api.w.org\/{rel}","templated":true}]}}

<h1>
		Ceremonia de los Premios Internacionales del Orgullo de 2024
	</h1>
<h1>
		Conoce a las personas galardonadas
	</h1>
	<p>Reconocemos a las personas heroicas por la igualdad LGBTIQ+</p>
				<a href="https://internationalprideawards.org/es/2024-awardees/" target="_self" itemprop="url">
				<img loading="lazy" decoding="async" src="https://internationalprideawards.org/wp-content/uploads/2024/11/awardees-final.png" alt="awardees-final" itemprop="image" height="560" width="1950" title="awardees-final" onerror="this.style.display='none'"  />
				</a>
			<a href="https://internationalprideawards.org/es/2024-awardees/" target="_self" role="button">
							Conoce a las personas galardonadas
					</a>
			<a href="https://internationalprideawards.org/es/2024-international-pride-awards-ceremony-live-stream/" target="_self" role="button">
							Mira la Ceremonia
					</a>
	<p>Todos los países están <a href="https://www.ohchr.org/es/sexual-orientation-and-gender-identity/about-lgbti-people-and-human-rights">obligados a promover y proteger los derechos humanos de todas las personas</a> sin discriminación.</p>
<p>Yet hundreds of millions of lesbian, gay, bisexual, transgender, intersex and queer (LGBTIQ+) people still face discrimination, rejection, poverty, violence, prison, torture and even death &#8211; just for being who they are.</p>
<h2>
		Los premios internacionales del orgullo pretenden arrojar luz sobre el trabajo de las personas heroicas, valientes y visionarias para la igualdad, contar sus historias e inspirar a más personas para que defiendan la igualdad.
	</h2>
	<p><a href="https://youtu.be/jaIt-sIN8wU" target="_blank" rel="noopener">Haga clic para ver el vídeo en español.</a></p>
					<img decoding="async" src="https://internationalprideawards.org/wp-content/uploads/2024/05/video-cover.jpg" alt=""/>
	<p>En una ceremonia que se celebrará en la Ciudad del Cabo (Sudáfrica) el 13 de noviembre de 2024, reconoceremos la increíble labor de cinco personas heroicas y su trabajo por la igualdad LGBTIQ+ de todo el mundo que están marcando la diferencia.</p>
<p>No matter our differences, we all want to live in a world where we feel safe and thrive. But for many LGBTIQ+ people, that&#8217;s still very far away &#8211; because of the discrimination, stigma and violence they face every day.</p>
	<h1>¡participe!</h1>
	<p>Nominations for this year are now closed and being processed so that we can announce this years&#8217; awardees on 13 November. In the meantime, get involved by following our social media channels for updates, and join the conversation about LGBTIQ+ equality &#8211; where we are and what still needs to be done. You can also subscribe for news using the form below.</p>
	<p><a href="https://internationalprideawards.org/es/about/">Descubre más sobre los Premios Internacionales del Orgullo.</a></p>
<h3>
		EQUALITY IS EVERYONE&#8217;S RESPONSIBILITY.
	</h3>
	<p>Comienza con las acciones cotidianas, siendo inclusives, escuchando, compartiendo, defendiendo. Póngase en contacto con su <a href="https://ilga.org/civi_details/" target="_blank" rel="noopener">organización local miembro de la ILGA</a> y descubra cómo puede ayudar.</p>
				<img decoding="async" src="https://internationalprideawards.org/wp-content/uploads/2024/05/ARG-Ariel-Gutraich-Presentes-3.jpg" alt="ARG Ariel Gutraich Presentes 3" title="ARG Ariel Gutraich Presentes 3" itemprop="image"  />
				<img decoding="async" src="https://internationalprideawards.org/wp-content/uploads/2024/05/l-2.jpg" alt="Photo 1" title="Cheerful gay couple posing at outdoor." itemprop="image"  />
							<h3>Suscríbase para estar al día</h3>
				<!-- Inline Block Space Fix 
				-->
				<!-- Inline Block Space Fix
				-->
					<input type="email" name="uabb-subscribe-form-email" aria-label="email" placeholder="Your Email" />
										!
				<!-- Inline Block Space Fix	
				-->									<!-- Inline Block Space Fix	
				-->
			<a href="#" target="_self"   role="button" aria-label="Subscribir">
							Subscribir
		</a>
						Something went wrong. Please check your entries and try again.
